 - -3. Calculate the greatest common divisor of g and 6.
6
Let h be 6*-5*6/(-20). Calculate the highest common divisor of h and 6.
3
Suppose 2*r - 70 = 4. Calculate the greatest common divisor of 333 and r.
37
Suppose -2*q - u = -122, 0 = -4*q + 2*u + 187 + 65. What is the greatest common divisor of 93 and q?
31
Let i be ((-252)/15)/(2/(-20)). Calculate the highest common divisor of 24 and i.
24
Let b be 129 - (3 - 8)/(-5). What is the greatest common factor of b and 16?
16
Let h = 1 + -6. Let r be 3*1 + (h - -23). Calculate the greatest common factor of 21 and r.
21
Let f = 8 + -13. Let w be (4/5)/(f/(-75)). What is the highest common factor of w and 48?
12
Suppose -5*q - 18 - 12 = 0. Let y(p) = -4*p - 3. Let f(k) = 4*k + 4. Let x(c) = q*f(c) - 8*y(c). Let b be x(1). What is the greatest common divisor of 88 and b?
8
Let u(z) = z**2 - 18*z + 29. Let l be u(17). What is the greatest common factor of l and 42?
6
Let k be (9/(-15))/(-1) + 132/5. What is the greatest common factor of 9 and k?
9
Let k = -145 - -215. Suppose -6*v = -v - k. Let i = -1 + 22. Calculate the greatest common factor of v and i.
7
Suppose 2*m - 61 = -6*h + 11*h, 2*m + 2*h = 26. What is the greatest common divisor of m and 18?
18
Let o = -3 + 7. Suppose -z + 51 = -3*w, -w + 191 = -0*z + o*z. Let t = z + 161. Calculate the greatest common divisor of 19 and t.
19
Suppose -w - w + 14 = 0. Let c be w/2 - 1/(-2). Let s = 16 - 8. Calculate the highest common divisor of c and s.
4
Let g = 14 - -3. What is the highest common divisor of 136 and g?
17
Let v = 32 + 67. Calculate the greatest common divisor of 9 and v.
9
Suppose 3*g = 3*n + 2*n + 1, 0 = 5*g + 4*n - 14. Let u(q) = 3*q**3 - 2*q**2 - 3. Let h be u(g). Calculate the highest common factor of h and 26.
13
Let g = 10 + 131. Suppose -2*r + g = -3. Calculate the greatest common divisor of r and 24.
24
Let x = -5 + 12. Let j be 448/x + -3 + 0. Let p = -31 + j. What is the highest common factor of 10 and p?
10
Suppose j - 85 - 100 = 0. Suppose -2*p + 3*d + 109 = -0*d, -4*p - 5*d = -j. What is the highest common divisor of 20 and p?
10
Let b(g) = -2*g**2 + 2 + 3*g**2 + 0 + g**2. Let u be b(3). Calculate the highest common divisor of u and 10.
10
Let a = 14 - 11. What is the greatest common divisor of a and 2?
1
Let w(d) = 2*d**3 - d**2 + 2*d + 21. Let t be w(6). What is the highest common divisor of 39 and t?
39
Suppose 26 = v + v + 4*k, 0 = -5*v + 2*k + 41. Let d = v - -12. Calculate the highest common divisor of 7 and d.
7
Let d(q) = -q**3 + 3*q**2 + 6*q - 7. Let r = -13 + 18. Let l be d(r). Let h = l + 107. Calculate the greatest common factor of h and 10.
10
Suppose 4*c = 4*w - 492, 5*w + 182 = 3*c + 791. What is the greatest common divisor of 30 and w?
30
Let s = 65 + -31. Let p(z) = -z**2 - 11*z - 1. Let v be p(-9). What is the highest common divisor of v and s?
17
Suppose -10 + 136 = 3*l. Calculate the highest common factor of 210 and l.
42
Suppose -5 = -4*r + 91. Let d be (-20)/(-3)*(-6)/(-5). What is the highest common divisor of d and r?
8
Suppose 3*d + d = 5*h - 114, -4*h = -5*d - 93. Let b(s) = s + 8. Let k be b(-6). Calculate the greatest common factor of h and k.
2
Let z = -36 + 71. What is the greatest common divisor of z and 7?
7
Suppose -2*t = -0*t - 242. Calculate the highest common factor of 11 and t.
11
Suppose 2*s - 4*i = -2*s + 80, -3*s + 59 = -2*i. Suppose -2*d = -8, 2*d - s - 4 = -3*f. What is the greatest common factor of f and 35?
5
Let b = 3 - 0. Let j be 2/b*9/6. Let x be 1*(-1)/j + 3. What is the greatest common factor of x and 6?
2
Let r be -16*(0 + (-2)/1). Calculate the greatest common factor of 4 and r.
4
Let v(j) = 3*j - 4. Let u be v(3). Suppose -c + u*o + 29 = 0, -4*c + 9 = o - 2. What is the highest common divisor of 4 and c?
4
Suppose 7 = 4*p - 13. Let n = 10 - p. Calculate the greatest common divisor of n and 35.
5
Let h be (-18)/15*30/(-9). Let a = 10 - h. Suppose -5*g = -4*b + 14, -b = -2*g + a*g - 14. What is the highest common divisor of 48 and b?
6
Let r be 12 - ((-18)/(-4) + (-3)/6). Calculate the highest common divisor of r and 128.
8
Let p = 436 - 280. What is the highest common divisor of 12 and p?
12
Let u = 55 - 47. Calculate the greatest common divisor of 6 and u.
2
Let o be 2/(-4) + 125/10. Suppose -4*j = 2*n - 3*j - 52, n = -3*j + 36. Suppose -t = -0*t - n. Calculate the highest common factor of t and o.
12
Suppose 0*g - 2*g + 18 = -5*l, -12 = 2*l - 2*g. Let t be (-174)/(-4) - l/4. Calculate the highest common factor of 4 and t.
4
Let i be (-8)/12*(-1 - -28). Let v be 0*(2 - 1) - i. Calculate the greatest common factor of v and 12.
6
Let h be 8/1*(-60)/(-6). What is the highest common factor of h and 20?
20
Suppose -13*r = -8*r - 30. What is the highest common factor of r and 16?
2
Suppose 5*h - 30 = -5*y, -4*h - 2*y = -0*h - 18. Suppose 0 = -2*g - h + 33. Calculate the greatest common divisor of g and 120.
15
Let s = -2 - -2. Suppose s = 2*d + n - 15 + 4, -2*d + 14 = -2*n. Let v be ((-168)/(-20))/(d/20). What is the highest common factor of 42 and v?
14
Let p = 0 + -5. Let v be p*(2 + 39/(-15)). Suppose v*x - 3*b - 87 = 0, 5*b + 17 = x + b. Calculate the greatest common divisor of 3 and x.
3
Suppose -2*a - 2*u + 0*u + 172 = 0, 4*a - 5*u = 326. What is the greatest common factor of a and 28?
28
Suppose 0 = -4*y - 16, x + x - 296 = y. Let h = x + -86. What is the greatest common divisor of h and 20?
20
Let m(j) = j**2 + 5*j + 2. Let q be m(-6). Suppose -3*x + q*x = 30. What is the greatest common factor of 54 and x?
6
Let f be 2*1/5*-10. Let c(d) = -20*d - 5. Let p be c(f). Let l(m) = 29*m**2 - m. Let y be l(-1). Calculate the greatest common divisor of p and y.
15
Let q(u) = u + 18. Let v be q(-18). Suppose v = -5*d - 3*p + 32, 0 = 4*d - 4*p - 0*p. What is the greatest common divisor of 10 and d?
2
Let u(m) = m**2 - m - 2. Let o be u(2). Suppose -90 = -o*b - 3*b. Let s = -96 - -171. What is the highest common divisor of s and b?
15
Let a be ((-6)/(-4))/((-21)/(-1400)). What is the greatest common factor of 25 and a?
25
Let b be (-14)/(-8)*-2*-8. Let j(g) = -4*g. Let t be j(-1). What is the highest common divisor of t and b?
4
Let s = 18 + -16. Suppose 3*w + 2*h = 9 + 7, w - s = h. What is the highest common divisor of w and 32?
4
Let w(s) = 2*s**2 + 5*s - 3. Let l be w(6). What is the greatest common factor of 33 and l?
33
Suppose 5*t = 26 - 11. What is the greatest common factor of t and 12?
3
Suppose -4*l + 0*m - m = 38, 5*l - 2*m + 54 = 0. Let c be (-4)/l + 10/(-25). Let s be 7 + 0 + (3 - c). Calculate the highest common factor of 25 and s.
5
Suppose -2*f + 0*f - 8 = 0. Let h be (-3 - 14/f)*20. Calculate the highest common factor of h and 90.
10
Suppose 0 = -u + 9*l - 8*l + 13, 0 = 5*u + 2*l - 58. What is the greatest common divisor of u and 300?
12
Let d = 7 - 16. Let a be (21/(-4))/(1/4). Let t = d - a. Calculate the greatest common factor of 12 and t.
12
Let j be -1*(-3 - -2)*11. Let k be 68/6 + (-2)/6. Calculate the greatest common factor of j and k.
11
Suppose 11 = 2*i + z - 2, -19 = -3*i - 2*z. What is the highest common factor of i and 7?
7
Let q(y) = y - 8. Let c(i) = -3*i - 2. Let r be c(-3). Let j be q(r). Let m be j*2*(-45)/1. Calculate the greatest common divisor of m and 10.
10
Let o(b) = b**2 + 9*b - 8. Let h be o(7). Calculate the greatest common factor of h and 13.
13
Suppose 0 = -s + 9 + 2. Suppose 0 = 4*w + s - 3. Let q be 15/(-2*w/16). Calculate the greatest common divisor of 10 and q.
10
Let i = 8 + -3. Suppose 75 = -2*q + i*q. Calculate the greatest common factor of q and 10.
5
Suppose -3*b = -2*b - 24. Let q(f) = f**3 + 24*f**2 - 53*f - 20. Let p be q(-26). Calculate the highest common factor of b and p.
6
Let b be (-2 - 0)*(1 - 3). Suppose 0 = v + b*v - 20. Suppose -5*p + 2 = -4*y, v*p = -0*y + 4*y. What is the highest common divisor of y and 4?
2
Let k(s) = 10*s**3 - s**2 - s + 2. Let q be k(1). Calculate the highest common divisor of 2 and q.
2
Suppose c + 3 = 4*c. Suppose x = c + 4. Calculate the highest common factor of x and 15.
5
Suppose 0 = 2*p + 2*p - 36. What is the greatest common factor of 63 and p?
9
Suppose 1 + 11 = 2*x. Suppose 1 + x = t. Calculate the highest common factor of 63 and t.
7
Suppose -2*c - 6*c = -120. What is the highest